en 1283998 is divided by 427977?
67
Calculate the remainder when 69783 is divided by 850.
83
What is the remainder when 20290322 is divided by 5418?
5330
Calculate the remainder when 197376629 is divided by 1165.
1164
Calculate the remainder when 11828319 is divided by 54.
51
Calculate the remainder when 19161 is divided by 28.
9
Calculate the remainder when 124534 is divided by 24901.
29
What is the remainder when 1415149 is divided by 139?
129
What is the remainder when 13694 is divided by 103?
98
Calculate the remainder when 32964835 is divided by 270.
265
Calculate the remainder when 484231 is divided by 149.
130
Calculate the remainder when 6005002 is divided by 4577.
4555
What is the remainder when 222529 is divided by 3790?
2709
What is the remainder when 5699736 is divided by 2911?
2909
What is the remainder when 1385057 is divided by 28?
9
Calculate the remainder when 57856047 is divided by 4450461.
54
Calculate the remainder when 4416783 is divided by 2208285.
213
Calculate the remainder when 877911 is divided by 54869.
7
Calculate the remainder when 4854511 is divided by 7234.
497
What is the remainder when 105400843 is divided by 1994?
1991
What is the remainder when 22626 is divided by 96?
66
Calculate the remainder when 14399455 is divided by 36.
31
What is the remainder when 147452 is divided by 4013?
2984
What is the remainder when 102725 is divided by 17115?
35
Calculate the remainder when 17186808 is divided by 76.
16
Calculate the remainder when 2531849 is divided by 17956.
53
What is the remainder when 304830557 is divided by 28?
17
Calculate the remainder when 12765 is divided by 4372.
4021
What is the remainder when 12402375 is divided by 4134041?
252
Calculate the remainder when 5869 is divided by 3804.
2065
Calculate the remainder when 833725 is divided by 4078.
1813
What is the remainder when 500826117 is divided by 1923?
1920
What is the remainder when 2809475 is divided by 213?
5
Calculate the remainder when 25327 is divided by 5976.
1423
What is the remainder when 4559869 is divided by 183?
58
Calculate the remainder when 912603 is divided by 125.
103
Calculate the remainder when 57725012 is divided by 8246429.
9
Calculate the remainder when 5451628 is divided by 9930.
58
What is the remainder when 882773 is divided by 7481?
15
Calculate the remainder when 687902 is divided by 53.
15
Calculate the remainder when 3062275 is divided by 180133.
14
Calculate the remainder when 84677039 is divided by 360.
359
What is the remainder when 1304072 is divided by 6722?
4
What is the remainder when 20780 is divided by 5574?
4058
Calculate the remainder when 64157 is divided by 19649.
5210
Calculate the remainder when 791094 is divided by 49.
38
What is the remainder when 13897795 is divided by 682?
681
What is the remainder when 186847 is divided by 26?
11
Calculate the remainder when 4510004 is divided by 1503265.
209
What is the remainder when 43679 is divided by 1716?
779
What is the remainder when 370442 is divided by 4931?
617
What is the remainder when 1267827 is divided by 71?
51
Calculate the remainder when 516676 is divided by 119.
97
Calculate the remainder when 35819647 is divided by 297.
259
Calculate the remainder when 3125129 is divided by 43.
18
What is the remainder when 2966804 is divided by 72361?
3
What is the remainder when 663926 is divided by 3928?
94
Calculate the remainder when 103605 is divided by 7989.
7737
Calculate the remainder when 14805842 is divided by 15536.
34
Calculate the remainder when 2904465 is divided by 91.
18
What is the remainder when 93633 is divided by 3689?
1408
What is the remainder when 41345212 is divided by 2639?
2638
What is the remainder when 5396925 is divided by 487?
478
What is the remainder when 452153 is divided by 1633?
1445
What is the remainder when 404967 is divided by 414?
75
What is the remainder when 5835257 is divided by 429?
428
Calculate the remainder when 9838147 is divided by 10.
7
What is the remainder when 2466723 is divided by 12?
3
Calculate the remainder when 381636 is divided by 2494.
54
What is the remainder when 3023494 is divided by 1258?
520
Calculate the remainder when 277176 is divided by 1579.
851
Calculate the remainder when 7831710 is divided by 20.
10
What is the remainder when 29025817 is divided by 39?
28
What is the remainder when 196922 is divided by 1195?
942
Calculate the remainder when 130920 is divided by 4665.
300
Calculate the remainder when 2444613 is divided by 1370.
533
Calculate the remainder when 506697 is divided by 179.
127
Calculate the remainder when 274480 is divided by 275.
30
Calculate the remainder when 55555 is divided by 849.
370
Calculate the remainder when 9435864 is divided by 3973.
3962
Calculate the remainder when 791245 is divided by 9193.
647
What is the remainder when 282366 is divided by 16822?
13214
What is the remainder when 20697552 is divided by 923?
200
Calculate the remainder when 60955 is divided by 3621.
3019
What is the remainder when 22617 is divided by 5680?
5577
What is the remainder when 278760 is divided by 23195?
420
Calculate the remainder when 1257006 is divided by 43.
30
Calculate the remainder when 1907299 is divided by 24.
19
Calculate the remainder when 30996298 is divided by 2214021.
4
What is the remainder when 11052619 is divided by 519?
514
What is the remainder when 85942 is divided by 633?
487
What is the remainder when 25999707 is divided by 110?
107
What is the remainder when 9748672 is divided by 13?
11
Calculate the remainder when 24346937 is divided by 236.
233
Calculate the remainder when 76304676 is divided by 46.
14
What is the remainder when 1105905 is divided by 96?
81
What is the remainder when 2969653 is divided by 174554?
2235
Calculate the remainder when 9144068 is divided by 1143008.
4
Calculate the remainder when 351456 is divided by 58569.
42
Calculate the remainder when 3967864 is divided by 60118.
76
Calculate the remainder when 860423 is divided by 50395.
3708
Calculate the remainder when 18239169 is divided by 64.
1
Calculate the remainder when 760220 is divided by 532.
524
Calculate the remainder when 34251 is divided by 1633.
1591
What is the remainder when 22933 is divided by 3130?
1023
Calculate the remainder when 35383706 is divided by 29.
23
Calculate the remainder when 5997025 is divided by 259.
139
Calculate the remainder when 148072 is divided by 686.
582
What is the remainder when 662923 is divided by 662824?
99
What is the remainder when 39236733 is divided by 1327?
1324
What is the remainder when 242096 is divided by 3?
2
Calculate the remainder when 2070214 is divided by 1032.
22
What is the remainder when 181627 is divided by 3151?
2020
Calculate the remainder when 83616516 is divided by 24293.
10
Calculate the remainder when 7412652 is divided by 52.
0
What is the remainder when 1417984 is divided by 1861?
1763
What is the remainder when 22363253 is divided by 134?
127
Calculate the remainder when 2545233 is divided by 24711.
0
Calculate the remainder when 87233157 is divided by 6710242.
11
What is the remainder when 15053 is divided by 3753?
41
What is the remainder when 1443866 is divided by 13?
8
Calculate the remainder when 3920055 is divided by 85217.
73
What is the remainder when 2454152 is divided by 61?
0
Calculate the remainder when 33101 is divided by 2674.
1013
Calculate the remainder when 14392067 is divided by 79.
5
What is the remainder when 192400 is divided by 48049?
204
Calculate the remainder when 154276806 is divided by 2318.
2316
What is the remainder when 3631145854 is divided by 295?
294
What is the remainder when 56739544 is divided by 95?
34
Calculate the remainder when 85275 is divided by 2.
1
What is the remainder when 8188087 is divided by 396?
391
Calculate the remainder when 18019 is divided by 8328.
1363
Calculate the remainder when 729071 is divided by 20239.
467
Calculate the remainder when 139923 is divided by 146.
55
What is the remainder when 851661 is divided by 26614?
13
What is the remainder when 68582 is divided by 58181?
10401
What is the remainder when 1113902 is divided by 6661?
1515
Calculate the remainder when 21875080 is divided by 1041670.
10
What is the remainder when 2568369 is divided by 1502?
14